*2 + d - 22. Let b(x) = -5*t(x) + 3*u(x). Calculate the remainder when b(-4) is divided by 28.
25
Suppose -10*n = -6*n + 5*z - 37, 3*n - 22 = 2*z. What is the remainder when 94 is divided by n?
6
Let y be 2*(3 + -2 - -1). Suppose 11 + y = 5*i. Suppose -p - 20 = i*p, 0 = b + 3*p - 35. Calculate the remainder when b is divided by 17.
16
Let z(u) = u - 1. Let g be z(10). Let c = g - -9. Suppose 5*w = -3*m + 4*m - c, w = -2. Calculate the remainder when 29 is divided by m.
5
Let l(z) = 16*z - 11. Let v be l(4). Let h = v - 22. Let f = h - -12. What is the remainder when f is divided by 16?
11
Let a(f) = -f**2 - 3*f + 3. Let h be a(-3). Calculate the remainder when h/(-5) + 1 - (-990)/25 is divided by 15.
10
Let t = 725 - 704. Calculate the remainder when 52 is divided by t.
10
Let m be 69 - (-5)/(10/(-6)). Suppose -i + r - 60 = -5*i, 3*i = -4*r + 45. What is the remainder when (m/(-5))/(15/(-50)) is divided by i?
14
Suppose -7*v + 284 = -3*v. Suppose q - 3*q - 2*g + 30 = 0, -5*q + v = 4*g. Calculate the remainder when 19 is divided by q.
8
Suppose -3*v + 147 + 33 = 0. Let w = 279 + -255. What is the remainder when v is divided by w?
12
Suppose -k + 4*o + 42 = 0, 4*k - 111 = -4*o + o. Let q = 59 - k. What is the remainder when q is divided by 8?
5
Let s = -3284 + 3290. Let l(o) be the third derivative of -o**5/60 + 2*o**3/3 - o**2. Calculate the remainder when s is divided by l(0).
2
Suppose -17 - 3 = -5*h + 2*r, -12 = -3*h + 2*r. Calculate the remainder when 47 is divided by 7*h - (-12)/(-3).
23
Calculate the remainder when (2 + 344*1)/(29 + -27) is divided by 11.
8
Suppose d + j = -0*d + 24, -2*j = -10. What is the remainder when 37 is divided by d?
18
Suppose 24 = -x - x. Let h(z) = z**3 + 11*z**2 - 13*z + 10. Let c be h(x). Let y = c - -5. What is the remainder when y is divided by 10?
7
Let z be ((-42)/18)/(1/(-3)). Suppose -6*a = -2*a - 16. Calculate the remainder when 15 is divided by a + (z - -1)/2.
7
Let z be -63 + (2 - 1/(-1)). Let g be (-24)/z*11*5. Suppose 33 = 3*w - 2*m + 5, m = -3*w + g. Calculate the remainder when 38 is divided by w.
6
Let q(v) = -3 - 5*v - 4*v - 6*v. Let g = 45 - 48. Calculate the remainder when q(g) is divided by 22.
20
Suppose -4*p - 2*o = -70, -2*p = -10*o + 7*o - 47. What is the remainder when 145 is divided by p?
12
Let p(o) = 11*o**2 - 50*o + 65. Let c(b) = -4*b**2 + 17*b - 22. Let n(h) = -8*c(h) - 3*p(h). Calculate the remainder when 50 is divided by n(5).
24
Let h be (-1)/((36/(-416))/(-9)). Let t = h - -121. Calculate the remainder when 45 is divided by t.
11
Let r(l) = 32*l**3 + l**2. Let z be r(1). Let g = z + -21. Suppose 5 = 4*d - 15. What is the remainder when g is divided by d?
2
Let j(b) = -181*b - 135. Calculate the remainder when j(-7) is divided by 54.
52
Let u(d) = -d**3 - 7*d**2 + 10*d + 5. Calculate the remainder when u(-9) is divided by 158/8 + (-2)/(-8).
17
Let a(j) = j**2 + 16*j + 19. Let s = -12 + 31. What is the remainder when a(-17) is divided by s?
17
Let i(w) = -w**3 + 16*w**2 - 25*w - 6. Let z be i(14). Suppose -2*s = 2 - z. Calculate the remainder when s is divided by 10.
7
Let a be 4*(0 - (-1)/2). Suppose 29 = -a*o + 5. What is the remainder when (o/(-18))/((-4)/(-402)) is divided by 14?
11
Let n be 3/(-5) - 1824/(-15). Suppose -4*j + n = 25. Suppose 0 = 2*k + 6 - 32. Calculate the remainder when j is divided by k.
11
Suppose -h - 5 + 3 = 0, t + h - 11 = 0. What is the remainder when (15/10)/(3/76) is divided by t + -3 - (-1 + 1)?
8
Let c be 52/5 - 11/(275/10). Let g(m) = -m**3 + 8*m**2 + 24*m + 4. Calculate the remainder when g(c) is divided by 16.
12
Suppose -3*q - 25 = -c, -2*q + 86 = 4*c - 0*q. Suppose -c = -2*i + 20. What is the remainder when 40 is divided by i?
19
Let w = -9 + 11. Suppose -4 = d, w*c - 147 = -3*c - 2*d. Let u = 125 - c. What is the remainder when u is divided by 24?
22
Let d = -567 - -607. Calculate the remainder when 150 is divided by d.
30
Suppose 0*m + 31 = m. Let d = 1269 - 1250. What is the remainder when m is divided by d?
12
Suppose -98*s + 2263 - 401 = 0. What is the remainder when s is divided by 17?
2
Let t(o) = -o**3 + 17*o**2 - 16*o - 2. Let y be t(16). Let a = 13 - y. What is the remainder when a is divided by 8?
7
Let a(s) = -s**2 - 22*s - 19. Let v be a(-21). Calculate the remainder when 9 is divided by -1 + v*(-3)/3 + 7.
1
Let f be (-1 - -1)*(-19)/(-19). Suppose -t + 5 = -f. Suppose -2*a + 50 = 5*g - 0*a, 0 = t*a - 25. What is the remainder when g is divided by 4?
0
Suppose 3*q = 323 - 47. Let p = q + -73. What is the remainder when 35 is divided by p?
16
Let s(w) = w**3 + 2*w**2 - 3*w + 3. Let i be s(-3). Suppose -i*u = -5*c - 0*c - 95, 153 = 5*u - 3*c. Calculate the remainder when u is divided by 16.
14
Suppose -88 = -4*m + 52. Let d = 297 + -288. What is the remainder when m is divided by d?
8
Let t(l) = 3*l + 45. Let b be t(-15). Suppose 5*q = 3*x - 64, 2*x - 3*q - 12 - 31 = b. What is the remainder when 67 is divided by x?
21
Let i(v) = -2*v + 8. Let l be i(2). Let f(m) = 3 + 1 - l*m - 7. What is the remainder when 18 is divided by f(-2)?
3
Suppose 4*u + 36 = -5*j + 110, -88 = -5*u - 4*j. What is the remainder when 119 is divided by u?
7
Let c be 5/2*-1*2. Let g(t) = -t**3 - 3*t**2 + 4*t - 4. Suppose -20 = -5*l, -2*l - 34 = -d - 7*l. Calculate the remainder when g(c) is divided by d.
12
Suppose -49*b - 6029 = -22983. Calculate the remainder when b is divided by 14.
10
Suppose 2*t = -5*v - 8 - 4, 4*t - 8 = -2*v. Calculate the remainder when v/(-6) + 93/9 is divided by 6.
5
Let v(h) = 3*h**2 - h - 7. Let f(u) = u + 4. What is the remainder when v(4) is divided by f(9)?
11
Let i = 514 + -186. Suppose 13*m = 5*m + i. What is the remainder when m is divided by 14?
13
Suppose n - 3*n = 5*b + 22, 58 = -3*n + 5*b. What is the remainder when (195/(-12))/(1/(-4)) is divided by (-16)/n + 2*8?
14
What is the remainder when (-1158)/(-13) - -1*2/(-26) is divided by 9?
8
Let b(v) = -v**3 + v**2 + 41. Let g = -93 + 107. Calculate the remainder when b(0) is divided by g.
13
Let g(o) = -43*o - 167. Calculate the remainder when g(-14) is divided by 40.
35
Let w(q) = -3*q**2 - 98*q + 73. Calculate the remainder when 147 is divided by w(-33).
27
Let c(w) = -w. Let y be c(-5). Suppose -10*r + y*r = 155. Let x = -9 - r. What is the remainder when 87 is divided by x?
21
Let b = 10 + -18. Let y(a) = -a + 4. Calculate the remainder when 7 + (-954)/138 - (-2112)/46 is divided by y(b).
10
Let m = -281 - -310. Calculate the remainder when 90 is divided by m.
3
Suppose -6*a + 1662 = -1410. What is the remainder when a is divided by 19?
18
Let c(s) = -3*s + 232. What is the remainder when c(49) is divided by 29?
27
Suppose 5*d + 3*u = 178 + 313, 0 = 5*d - 3*u - 479. Suppose 3*p = d + 131. What is the remainder when p is divided by 13?
11
Suppose 185*s = 183*s + 54. Calculate the remainder when 69 is divided by s.
15
Let b(n) = n**3 - 8*n**2 + 9*n + 9. Let u = -71 + 161. What is the remainder when u is divided by b(7)?
21
Suppose 6*u = u + 730. Let c = 205 - u. Calculate the remainder when c is divided by 31.
28
Suppose 5*w - x + 142 = -16, -x + 34 = -w. Calculate the remainder when 49 is divided by w*(-5)/(-5)*-1.
18
Let d = -15 + 94. Suppose 9*c - 5*c - 56 = 0. Let g = 6 + c. What is the remainder when d is divided by g?
19
Suppose 0 = -4*o + 6*o - 10. Suppose -3 = -2*z - o. What is the remainder when 13 is divided by (-1 - 4)*(0 + z)?
3
Let b(q) = 0 - 62*q + 66*q - 4. What is the remainder when 45 is divided by b(3)?
5
Suppose -6*d + 3*o = -d - 119, 5*d + 3*o - 101 = 0. Calculate the remainder when 174 is divided by d.
20
Suppose 0 = 4*i + 2*v - 86, -v - 3 = -0. Let d = 37 - i. What is the remainder when d is divided by 5?
4
Let p(x) = 2*x**2 + 22*x + 53. What is the remainder when p(-12) is divided by 6?
5
Let b(x) = x - 1. Let w be b(4). Suppose 5*t - 4 - 6 = 0. Suppose -4*a + t*l - w + 13 = 0, -2*a - 4*l = 0. What is the remainder when 4 is divided by a?
0
Let n(p) = p**3 + 21*p**2 - 50*p - 79. Let l = 127 - 78. What is the remainder when l is divided by n(-23)?
10
Calculate the remainder when 100 is divided by (13 - 17) + 36 + -2 + -2.
16
Let b = 541 - 515. What is the remainder when 73 is divided by b?
21
Suppose 1206 = 4*l + 14*l. What is the remainder whe